greatest common factor of a and 130.
65
Let g(i) = 52*i**2 + 35*i - 32. Let s be g(1). Let q(x) = 76*x + 1. Let d be q(1). What is the greatest common divisor of s and d?
11
Let d(h) = h**3 + 30*h**2 - 506*h + 3441. Let k be d(8). Let b = 21 - -4. What is the greatest common divisor of k and b?
25
Suppose -2*o - 3959 = 3*v - 4761, 8 = -2*v. Calculate the greatest common factor of 88 and o.
11
Suppose -12*t + 828 = 36. Let f = 80 - t. Calculate the highest common divisor of f and 238.
14
Suppose 6295*q - 6275*q - 9440 = 0. What is the highest common divisor of 56 and q?
8
Suppose -5*g - 7 = w - 0*w, 4*w - 2*g - 38 = 0. Let m be w*(-6)/((-30)/115). Calculate the highest common factor of m and 8.
8
Let s(k) = 5*k + k**3 + 1345 - 1330 - 3*k + 5*k**2. Let z be s(-5). Let q(w) = -w**2 + 4*w + 1. Let n be q(2). What is the greatest common divisor of n and z?
5
Suppose 2 = -19*c + 21*c. Let x be 1/(-1) + 3/c. Let l be (-44)/(-12) + x/(-3) + 2. What is the greatest common factor of l and 10?
5
Let w be 2108/6 - (-87)/(-261). Calculate the greatest common factor of 171 and w.
9
Let y be 119 - 1*(-1 - -1). Let l = -102460 + 102474. What is the highest common divisor of l and y?
7
Let d(k) = -2*k**2 - 4*k + 6. Let w be d(-3). Suppose 3*z - 331 - 509 = w. What is the greatest common factor of 56 and z?
56
Let z(p) = -60*p**3 + 6*p**2 + 15*p + 30. Let m be z(-2). What is the greatest common divisor of 1224 and m?
72
Suppose 5031 = -70*u + 83*u. Suppose -5*k + 230 = -200. What is the greatest common divisor of u and k?
43
Let k be (24/36)/(-5 + (-31)/(-6)). What is the greatest common divisor of k and 12?
4
Let k be ((-950)/(-133) + 4)/(3 - (-1844)/(-616)). What is the greatest common factor of 1947 and k?
33
Let p be -2 + 52 + 1530/(-153). What is the greatest common divisor of 56680 and p?
40
Suppose 0 = -3*a - 2*c + 838, -4*a = -0*a - 4*c - 1104. Let v = -125 + a. Let t = v + -62. What is the highest common factor of t and 13?
13
Let c(z) = 12*z + 4. Let w be c(-6). Suppose -27*l + 269 = 22*l - 221. Let x be w/3*(-15)/l. What is the highest common factor of 34 and x?
34
Let n(l) = -3*l**3 + 2*l**3 + 24 + 4*l**2 + 5*l - 25. Let k be n(5). Let m be k/(-2 + 1)*15. Calculate the greatest common divisor of 5 and m.
5
Suppose 0 = 2*z + 3*w - 48, -z - 202*w = -197*w - 10. Calculate the greatest common factor of 2985 and z.
15
Let v = -399 - -329. Let q be 1 - 1 - v - (-16)/(-4). What is the greatest common factor of q and 99?
33
Suppose 6*q - 123 = 57. Suppose -2*t - 1006 = -3*l, 3*l - 4*t - 1245 = -223. What is the greatest common factor of q and l?
30
Let k = -38 + -56. Let c = k + 98. What is the greatest common factor of 14 and c?
2
Suppose 107*o - 102*o = 180. Let f(p) = -7*p + 686. Let z be f(44). What is the highest common factor of z and o?
18
Suppose 11*b - b - 740 = 0. Suppose -75*x = -b*x - 19. What is the greatest common factor of 475 and x?
19
Suppose i + 0*i = -18. Suppose -62 = -2*a + 2*j, 5 + 6 = a - 5*j. Let l be (a/(-14))/(i/84). Calculate the highest common divisor of 84 and l.
12
Let r be ((-7)/(42/(-20)))/(2/(-57)). Let o = r - -284. Calculate the highest common divisor of o and 27.
27
Suppose -6*s + 2998 = -2678. What is the greatest common factor of s and 1204?
86
Let u be 33/(-99) - (-88)/3. Suppose -2*a + 145 = 3*a. Calculate the greatest common factor of a and u.
29
Suppose -3*r - m + 124 = 0, m - 31 = -r + 15. Suppose 0*k = k - 6. What is the greatest common factor of r and k?
3
Let i be (-5 - 763/49)/(12/(-112)). Let o = -8 - -32. What is the highest common factor of i and o?
24
Suppose 0 = -211*c + 202*c + 360. Suppose -5*j = j - 12. Suppose 38 = 3*r - j*h, -2*h - h - 42 = -3*r. What is the highest common divisor of r and c?
10
Suppose -5*n - 2*j + 21 = 0, 18 = 3*n + 109*j - 106*j. What is the highest common factor of 85 and n?
1
Suppose -3806*v + 3815*v - 11088 = 0. Calculate the highest common factor of 1008 and v.
112
Suppose -8 = 2*a, 4*s + 3*a - 423 = 545. Let b be 3192/72 - (-280)/60. What is the highest common divisor of b and s?
49
Let y = -2264 + 2319. What is the greatest common divisor of y and 231?
11
Let j be 154/40*(-9)/(36/(-64))*5. What is the greatest common divisor of 126 and j?
14
Let t(m) = -m**3 + 42*m**2 - 53*m + 118. Let p be t(41). Let v = -257 - p. Calculate the highest common divisor of 312 and v.
39
Let z(y) = -516*y**3 + 21*y**2 - 10*y - 11. Let l be z(-3). What is the highest common divisor of l and 56?
28
Let l(n) = n**3 - n**2 - 3*n + 20. Let p be l(0). Suppose p - 4 = 4*u. Calculate the highest common factor of u and 28.
4
Let v(n) = -45*n**2 - 46*n + 4. Let o be v(-5). Let l = o - -896. What is the greatest common divisor of l and 205?
5
Let r(m) = 18*m + 352. Let b(n) = 6*n + 116. Let v(i) = 17*b(i) - 6*r(i). Let k be v(-25). What is the highest common factor of 110 and k?
10
Let d = 0 - -80. Let t be -45*(-8 + 88/12). What is the highest common factor of d and t?
10
Suppose 56*g - 73184 - 77344 = 0. Suppose -22*c = 2*c - g. What is the greatest common factor of c and 48?
16
Let r(w) = -3*w**2 + 22. Let j be r(-5). Let y = -56 - j. Let f be ((-78)/(-10))/((-3)/(-15)) + y. Calculate the highest common factor of 4 and f.
4
Suppose -30*g + 32*g - 28 = 0. Suppose -g*f + 63 + 35 = 0. Let m(t) = -t**2 + 9*t + 21. Let p be m(f). Calculate the greatest common factor of 14 and p.
7
Let b = 2415 + 785. What is the greatest common divisor of b and 384?
128
Let u = -2664 + 2694. What is the greatest common factor of u and 640?
10
Suppose -26*z + 0*z + 828 = -22*z. What is the greatest common factor of 9 and z?
9
Let v = -76 - -66. Let g be (-1)/3*v*(2 + 1). Suppose g*a = 234 + 126. What is the greatest common divisor of 90 and a?
18
Suppose 8*m - 109 + 277 = 0. Let c be (-6256)/(-138)*m/(-4). Calculate the highest common divisor of 7 and c.
7
Suppose -4*k - 3*k + 1554 = 0. Let c be 3/(-15) - k/(-10). Calculate the highest common divisor of c and 462.
22
Suppose -q = 3*z + 10, 32*z - 5*q + 2 = 34*z. Let x be (-64 - -1)*z/14. Calculate the highest common divisor of x and 234.
18
Suppose 48*o - 47*o = 28. Let p be 800/56 + (-8)/o. Calculate the highest common factor of p and 70.
14
Let f(t) = -4*t**2 - 176*t - 287. Let n be f(-42). What is the highest common factor of 385 and n?
7
Suppose -904 = -12*l + 1232. Let q = l - 33. What is the greatest common factor of 29 and q?
29
Let c = -1 + 42. Let h = c + 231. Calculate the greatest common divisor of 16 and h.
16
Let n = -211 - -215. Suppose 0*t + 100 = 4*t - 5*v, 0 = 4*t - n*v - 100. What is the greatest common factor of 15 and t?
5
Let i = -10259 + 11132. What is the highest common divisor of i and 117?
9
Let o(z) = z**2 + 74*z + 527. Let l be o(-67). Let b = 9 - -17. Let a = l - b. Calculate the greatest common divisor of 64 and a.
32
Let i = 3408 + -2848. What is the highest common factor of 2 and i?
2
Suppose -5*g = -280 - 930. Let l(d) = -3*d + 10. Let n be l(-4). Calculate the highest common divisor of n and g.
22
Let x be (-4)/(176/(-6772)) + -4*13/(-572). What is the greatest common divisor of x and 5258?
22
Suppose -2*t - 6 = 2*t + n, 3*t - 5*n + 16 = 0. Let y be -3 - (t + 5) - -18. What is the highest common divisor of 12 and y?
12
Let x = 367 - 111. Calculate the highest common factor of x and 3.
1
Let l(h) = h**3 - 13*h**2 + 4*h - 30. Let n be l(13). Let w be 5*(n/(-10) + 6). What is the highest common divisor of 57 and w?
19
Let j be (-15)/525*-4345 - 3/21. Calculate the greatest common factor of j and 52.
4
Suppose -3*v = 0, -611*d + 436 = -610*d + 2*v. What is the greatest common divisor of d and 44?
4
Let p be 240/36*24/20 - 4. Suppose -296 = 3*g - 1322. Suppose p*z = -2*u - 0*z + g, 0 = 3*u + 4*z - 517. Calculate the greatest common factor of 25 and u.
25
Let w be 78/(-234) + (8332/3 - 4). What is the highest common divisor of w and 1829?
59
Suppose 0 = -5*y + 2*v - 2 + 16, -9 = -3*v. Let r be (16 - (5 + -3))*(y + 1). Calculate the highest common divisor of 10 and r.
10
Suppose 313 = 3*l - 323*j + 327*j, 0 = -j + 7. Calculate the greatest common divisor of l and 5605.
95
Let j(v) = v**2 - 12*v - 104. Let n be j(-6). Let z be (472 - 7)*(n/6)/2. What is the highest common divisor of 62 and z?
31
Let m be (-9)/(0 - -18) + (-159)/(-2). Calculate th